{"id":4469,"date":"2023-06-26T11:44:58","date_gmt":"2023-06-26T09:44:58","guid":{"rendered":"http:\/\/manuskripte.neu\/?page_id=4469"},"modified":"2024-01-25T09:04:09","modified_gmt":"2024-01-25T08:04:09","slug":"presse","status":"publish","type":"page","link":"https:\/\/www.manuskripte.at\/wordpress\/presse\/","title":{"rendered":"Presse"},"content":{"rendered":"<div class=\"fusion-fullwidth fullwidth-box fusion-builder-row-1 fusion-flex-container nonhundred-percent-fullwidth non-hundred-percent-height-scrolling\" style=\"--awb-border-radius-top-left:0px;--awb-border-radius-top-right:0px;--awb-border-radius-bottom-right:0px;--awb-border-radius-bottom-left:0px;--awb-flex-wrap:wrap;\" ><div class=\"fusion-builder-row fusion-row fusion-flex-align-items-flex-start fusion-flex-content-wrap\" style=\"max-width:1996.8px;margin-left: calc(-4% \/ 2 );margin-right: calc(-4% \/ 2 );\"><div class=\"fusion-layout-column fusion_builder_column fusion-builder-column-0 fusion_builder_column_1_1 1_1 fusion-flex-column\" style=\"--awb-bg-size:cover;--awb-width-large:100%;--awb-margin-top-large:0px;--awb-spacing-right-large:1.92%;--awb-margin-bottom-large:0px;--awb-spacing-left-large:1.92%;--awb-width-medium:100%;--awb-spacing-right-medium:1.92%;--awb-spacing-left-medium:1.92%;--awb-width-small:100%;--awb-spacing-right-small:1.92%;--awb-spacing-left-small:1.92%;\"><div class=\"fusion-column-wrapper fusion-flex-justify-content-flex-start fusion-content-layout-column\"><div class=\"fusion-text fusion-text-1\"><div class=\"content_wrap\">\n<div class=\"full-entry\">\n<div class=\"post\">\n<p><b>Pressestimmen:<\/b><\/p>\n<p>Gregor Szyndler: <a href=\"https:\/\/andreasunterweger.wordpress.com\/2023\/10\/01\/nzz-uber-die-manuskripte\/\" target=\"_blank\" rel=\"noopener noreferrer\">Starthilfe f\u00fcr Autorinnen und Autoren. NZZ v. 24.09.2023.<\/a><\/p>\n<p>Florian Gasser: <a href=\"https:\/\/www.zeit.de\/2021\/06\/manuskripte-literaturzeitschrift-60-jahre-oesterreich-graz\/komplettansicht?utm_referrer=https%3A%2F%2Fl.facebook.com%2F\" target=\"_blank\" rel=\"noopener noreferrer\">Dramen in der Wunderkammer. Die Zeit v. 04.02.2021.<\/a><\/p>\n<p>Michael Wurmitzer: <a href=\"https:\/\/www.derstandard.de\/story\/2000117984557\/nach-kolleritsch-was-andreas-unterweger-mit-den-manuskripten-vorhat\" target=\"_blank\" rel=\"noopener noreferrer\">In gro\u00dfen Fu\u00dfstapfen. Der Standard v. 10.06.2020.<\/a><\/p>\n<p>Christoph Hartner: <a href=\"https:\/\/www.krone.at\/2197270\" target=\"_blank\" rel=\"noopener noreferrer\">Ich kann Fredys Schutzmantel noch immer sp\u00fcren. Kronen Zeitung v. 23.07.2020.<\/a><\/p>\n<p>Ute Baumhackl, Werner Krause: <a href=\"https:\/\/andreasunterweger.wordpress.com\/2019\/11\/27\/bollwerk-gegen-haus-und-hofpoesie-kleine-zeitung-v-27-11-19\/\" target=\"_blank\" rel=\"noopener noreferrer\">Bollwerk gegen Haus- und Hofpoesie. Kleine Zeitung v. 27.11.2019.<\/a><\/p>\n<p>Piotr Dobrowolski: <a href=\"https:\/\/www.tagblatt-wienerzeitung.at\/nachrichten\/reflexionen\/zeitgenossen\/854053-Wenn-einer-gut-stolpert-wird-er-eh-gedruckt.html\" target=\"_blank\" rel=\"noopener noreferrer\">Wenn einer gut stolpert, wird er eh gedruckt. Wiener Zeitung v. 05.11.2016.<\/a><\/p>\n<p>Ute Baumhackl, Julia Schafferhofer: <a href=\"https:\/\/www.kleinezeitung.at\/kultur\/buecher\/5088439\/Doppelspitze-installiert_Literaturzeitschrift-manuskripte_Diese?from=rss\" target=\"_blank\" rel=\"noopener noreferrer\">Sie haben das Heft in der Hand. Kleine Zeitung v. 20.09.2016.<\/a><\/p>\n<p><span class=\"CssComponent__CssInlineComponent-sc-1oskqb9-1 UserSelectableText___StyledCssInlineComponent-lsmoq4-0\"><span class=\"q-box qu-userSelect--text\"> &#8212;<\/span><\/span> <\/p>\n<p><b>Ilma Rakusa<\/b><\/p>\n<p><em>Jeder Weg f\u00fchrt zu den manuskripten<\/em><\/p>\n<p>Es ist ein Begegnungsort f\u00fcr Literaturbesessene, eine mythische Grazer Adresse: das B\u00fcro der <em>manuskripte<\/em> im Palais Attems in der Sackstrasse 17. Die Zeitschrift gibt es seit 57 Jahren, und ihr Gr\u00fcnder und Herausgeber, Alfred Kolleritsch, sitzt noch immer fast jeden Vormittag hinter seinem ausladenden Schreibtisch, empf\u00e4ngt Besucher und telefoniert mit Schriftstellerfreunden aus aller Welt.<br \/>Der mittelgrosse Raum mit Gew\u00f6lbedecke befindet sich gleich rechts vom Eingang. Zwei Stufen, keine Klingel, einfach eintreten. Und schon umf\u00e4ngt sie einen, die besondere Atmosph\u00e4re: B\u00fccher- und Zeitschriftenstapel, wohin man blickt, und gegen\u00fcber von der T\u00fcr Fredy, der Spiritus rector dieser sch\u00f6nen Institution. Sein Platz vor dem Fenster, hinter dem Schreibtisch, ist unverr\u00fcckbar. Von hier aus lenkt er mit sicherer Hand die Geschicke der Zeitschrift. \u00dcber zweihundert Hefte sind mittlerweile erschienen, und die \u201eFamilie\u201c der Beitr\u00e4ger w\u00e4chst von Jahr zu Jahr. Nicht nur deutschsprachige Autoren geh\u00f6ren dazu, auch slowenische, polnische, weissrussische, bulgarische, ungarische, franz\u00f6sische, englische und viele mehr. Auf Fotografien, die an die W\u00e4nde gepinnt sind, sieht man vertraute und weniger vertraute Gesichter. Hier Peter Handke, Friederike Mayr\u00f6cker, Paul W\u00fchr, Gert Jonke, J\u00fcrg Laederach, dort Olga Martynova, Val\u017eyna Mort, Elke Laznia, Helga Glantschnig, Fabjan Hafner. Jedes Gesicht erz\u00e4hlt Geschichten, zumindest f\u00fcr Fredy, der sich an jeden eingesandten und gedruckten Text erinnert. Und an Gespr\u00e4che, die es gab, aber nicht mehr geben wird, weil zum Beispiel Paul, Gert und Fabjan nicht mehr am Leben sind.<br \/>Der Besucher l\u00e4sst den Blick schweifen: auf B\u00fccherregale (aha, auch Oswald Egger fehlt nicht) und auf eine von der Decke h\u00e4ngende Lampe, an der Hunderte von beschrifteten Zetteln befestigt sind. Ein Geburtstagsgeschenk f\u00fcr Fredy, von Kollegen und K\u00fcnstlern gefertigt: jedes Zettelchen eine individuelle Hommage. Da m\u00f6chte man verweilen, betrachtend und entziffernd, um die manuskripte-Familie so richtig kennenzulernen. Sie liebt offensichtlich auch den Schabernack, der von Poesie nicht allzu weit entfernt ist. Poesie aber muss sein, ihr geh\u00f6rt die manuskripte-Welt.<br \/>Bei meinem letzten Besuch im B\u00fcro traf ich Alfred Kolleritsch zum ersten Mal nicht an. Daf\u00fcr unterhielt ich mich lange mit Andreas Unterweger, der seit einiger Zeit Mitherausgeber der Zeitschrift ist. Den kleinen Lavendelstrauss, den ich f\u00fcr Fredy mitgebracht hatte, stellten wir in eine Vase und auf den verwaisten Schreibtisch. Das Telefon klingelte wie immer, nur ging Andreas ran. Er weiss, was zu tun ist. Das weiss auch die Sekret\u00e4rin Helga H\u00f6hn, die ihren eigenen Schreibtisch hat und diskret ihre Arbeit versieht. Und Julian Kolleritsch, zust\u00e4ndig f\u00fcr Layout und Satz.<br \/>Erstaunlich, dass der relativ kleine Raum so viele Menschen und B\u00fccher fasst. Hier wirkt alles konzentriert, verdichtet, \u201everwesentlicht\u201c. Und keine Frage, dass der Geist der Avantgarde, der die Zeitschrift von Anfang an pr\u00e4gte, noch immer sp\u00fcrbar ist: als Neugier, Suche, Experimentierfreude. Und Entdeckungslust.<br \/>Ein Blick auf die Cover gen\u00fcgt, um dies auch bildnerisch best\u00e4tigt zu bekommen.<\/p>\n<p>Ich bl\u00e4tterte im neuesten Heft, als Max Droschl hereinkam. Nat\u00fcrlich unangemeldet, so ist das hier \u00fcblich, man ist ja \u201een famille\u201c. Und schon waren wir mittendrin im Grazer Klatsch und Tratsch, aber auch mitten in der Literatur. Im B\u00fcro der <em>manuskripte<\/em> hat sie ihren Stammsitz, von hier strahlt sie weit aus.<\/p>\n<p>(Aus: Graz. Mit Schriftstellerinnen und Schriftstellern an besondere Orte der Stadt. Herausgegeben von Klaus Kastberger unter Mitarbeit von Elisabeth Loibner anl\u00e4sslich des 15. Geburtstags des Grazer Literaturhauses. Graz: Edition Kleine Zeitung 2018)<\/p>\n<p>&#8212;<\/p>\n<p><b>Michael Buselmeier<\/b><\/p>\n<p><u>Zum 40. Jahre Jubil\u00e4um der <em>manuskripte<\/em> aus dem WDR 1 H\u00f6rfunk:<\/u><\/p>\n<p>Als im November 2000 die Grazer <em>manuskripte<\/em> 40 Jahre alt wurden und zugleich deren 150. Ausgabe erschien, stellte Alfred Kolleritsch, \u00fcber all die Zeit der verantwortlichen Herausgeber und Redakteur, im Editorial die rhetorische Frage, ob die wenig geachteten Literaturzeitschriften nicht vielleicht doch, hochgemut gesprochen, etwas vom \u201eGeist der Literatur\u201c und von der \u201eFreiheit des Schreibens\u201c aufbewahrten. Sind sie nicht, meinte er, \u201eArchive f\u00fcr die Zukunft?\u201c<\/p>\n<p>Vorausgegangen war die Nummer 149 mit einer umfangreichen Dokumentation, die deutlich machte, wie eng die <em>manuskripte<\/em> vor allem mit der avancierten \u00f6sterreichischen Poesie der Wiener und der Grazer Gruppe verkn\u00fcpft sind und wie genau sie als eine Art deutschsprachige Literaturgeschichte der letzten 40 Jahre gelesen werden m\u00fcssen.<\/p>\n<p>Selbst das unvermeidliche Altern der Avantgarden hat zu keiner Qualit\u00e4tseinbu\u00dfe gef\u00fchrt. Denn immer wieder gelingt es Kolleritsch, obwohl er keine Honorare zahlt, blutjunge AutorInnen an abenteuerlich wechselnden Wohnsitzen aufzusp\u00fcren und deren Gedichte und Prosa mutwillig unter die Texte der l\u00e4ngst Etablierten zu mischen.<br \/>Nach wie vor ist man dem poetischen, mehr auf Sprache und Rhythmus als auf eine spannende Handlung bezogenen Schreiben verpflichtet. So z\u00e4hlen die <em>manuskripte<\/em> auch in ihrem 41. Jahrgang zu den vier, f\u00fcnf lebendigsten unserer Literaturbl\u00e4tter.<\/p>\n<\/div>\n<\/div>\n<\/div>\n<\/div><\/div><\/div><\/div><\/div>\n","protected":false},"excerpt":{"rendered":"","protected":false},"author":1,"featured_media":0,"parent":0,"menu_order":0,"comment_status":"closed","ping_status":"closed","template":"","meta":{"footnotes":""},"class_list":["post-4469","page","type-page","status-publish","hentry"],"yoast_head":"<!-- This site is optimized with the Yoast SEO plugin v27.5 - https:\/\/yoast.com\/product\/yoast-seo-wordpress\/ -->\n<title>Presse - manuskripte<\/title>\n<meta name=\"description\" content=\"Hier finden Sie Pressestimmen zur 1960 in Graz gegr\u00fcndeten, deutschsprachigen Grazer Literaturzeitschrift manuskripte.\" \/>\n<meta name=\"robots\" content=\"index, follow, max-snippet:-1, max-image-preview:large, max-video-preview:-1\" \/>\n<link rel=\"canonical\" href=\"https:\/\/www.manuskripte.at\/wordpress\/presse\/\" \/>\n<meta property=\"og:locale\" content=\"de_DE\" \/>\n<meta property=\"og:type\" content=\"article\" \/>\n<meta property=\"og:title\" content=\"Presse - manuskripte\" \/>\n<meta property=\"og:description\" content=\"Hier finden Sie Pressestimmen zur 1960 in Graz gegr\u00fcndeten, deutschsprachigen Grazer Literaturzeitschrift manuskripte.\" \/>\n<meta property=\"og:url\" content=\"https:\/\/www.manuskripte.at\/wordpress\/presse\/\" \/>\n<meta property=\"og:site_name\" content=\"manuskripte\" \/>\n<meta property=\"article:publisher\" content=\"https:\/\/www.facebook.com\/people\/manuskripte\/100046907710313\/\" \/>\n<meta property=\"article:modified_time\" content=\"2024-01-25T08:04:09+00:00\" \/>\n<meta name=\"twitter:card\" content=\"summary_large_image\" \/>\n<meta name=\"twitter:site\" content=\"@manuskripte1\" \/>\n<meta name=\"twitter:label1\" content=\"Gesch\u00e4tzte Lesezeit\" \/>\n\t<meta name=\"twitter:data1\" content=\"5\u00a0Minuten\" \/>\n<script type=\"application\/ld+json\" class=\"yoast-schema-graph\">{\"@context\":\"https:\\\/\\\/schema.org\",\"@graph\":[{\"@type\":\"WebPage\",\"@id\":\"https:\\\/\\\/www.manuskripte.at\\\/wordpress\\\/presse\\\/\",\"url\":\"https:\\\/\\\/www.manuskripte.at\\\/wordpress\\\/presse\\\/\",\"name\":\"Presse - manuskripte\",\"isPartOf\":{\"@id\":\"https:\\\/\\\/www.manuskripte.at\\\/wordpress\\\/#website\"},\"datePublished\":\"2023-06-26T09:44:58+00:00\",\"dateModified\":\"2024-01-25T08:04:09+00:00\",\"description\":\"Hier finden Sie Pressestimmen zur 1960 in Graz gegr\u00fcndeten, deutschsprachigen Grazer Literaturzeitschrift manuskripte.\",\"breadcrumb\":{\"@id\":\"https:\\\/\\\/www.manuskripte.at\\\/wordpress\\\/presse\\\/#breadcrumb\"},\"inLanguage\":\"de\",\"potentialAction\":[{\"@type\":\"ReadAction\",\"target\":[\"https:\\\/\\\/www.manuskripte.at\\\/wordpress\\\/presse\\\/\"]}]},{\"@type\":\"BreadcrumbList\",\"@id\":\"https:\\\/\\\/www.manuskripte.at\\\/wordpress\\\/presse\\\/#breadcrumb\",\"itemListElement\":[{\"@type\":\"ListItem\",\"position\":1,\"name\":\"Home\",\"item\":\"https:\\\/\\\/www.manuskripte.at\\\/wordpress\\\/\"},{\"@type\":\"ListItem\",\"position\":2,\"name\":\"Presse\"}]},{\"@type\":\"WebSite\",\"@id\":\"https:\\\/\\\/www.manuskripte.at\\\/wordpress\\\/#website\",\"url\":\"https:\\\/\\\/www.manuskripte.at\\\/wordpress\\\/\",\"name\":\"manuskripte\",\"description\":\"Zeitschrift f\u00fcr Literatur\",\"publisher\":{\"@id\":\"https:\\\/\\\/www.manuskripte.at\\\/wordpress\\\/#organization\"},\"potentialAction\":[{\"@type\":\"SearchAction\",\"target\":{\"@type\":\"EntryPoint\",\"urlTemplate\":\"https:\\\/\\\/www.manuskripte.at\\\/wordpress\\\/?s={search_term_string}\"},\"query-input\":{\"@type\":\"PropertyValueSpecification\",\"valueRequired\":true,\"valueName\":\"search_term_string\"}}],\"inLanguage\":\"de\"},{\"@type\":\"Organization\",\"@id\":\"https:\\\/\\\/www.manuskripte.at\\\/wordpress\\\/#organization\",\"name\":\"manuskripte Literaturverein\",\"url\":\"https:\\\/\\\/www.manuskripte.at\\\/wordpress\\\/\",\"logo\":{\"@type\":\"ImageObject\",\"inLanguage\":\"de\",\"@id\":\"https:\\\/\\\/www.manuskripte.at\\\/wordpress\\\/#\\\/schema\\\/logo\\\/image\\\/\",\"url\":\"https:\\\/\\\/www.manuskripte.at\\\/wordpress\\\/wp-content\\\/uploads\\\/2024\\\/02\\\/logo_manuskripte_w.jpg\",\"contentUrl\":\"https:\\\/\\\/www.manuskripte.at\\\/wordpress\\\/wp-content\\\/uploads\\\/2024\\\/02\\\/logo_manuskripte_w.jpg\",\"width\":700,\"height\":206,\"caption\":\"manuskripte Literaturverein\"},\"image\":{\"@id\":\"https:\\\/\\\/www.manuskripte.at\\\/wordpress\\\/#\\\/schema\\\/logo\\\/image\\\/\"},\"sameAs\":[\"https:\\\/\\\/www.facebook.com\\\/people\\\/manuskripte\\\/100046907710313\\\/\",\"https:\\\/\\\/x.com\\\/manuskripte1\",\"https:\\\/\\\/www.youtube.com\\\/channel\\\/UC4zmKGvH1mB_TglFxGjiCpA\",\"https:\\\/\\\/www.instagram.com\\\/manuskripte\\\/\"]}]}<\/script>\n<!-- \/ Yoast SEO plugin. -->","yoast_head_json":{"title":"Presse - manuskripte","description":"Hier finden Sie Pressestimmen zur 1960 in Graz gegr\u00fcndeten, deutschsprachigen Grazer Literaturzeitschrift manuskripte.","robots":{"index":"index","follow":"follow","max-snippet":"max-snippet:-1","max-image-preview":"max-image-preview:large","max-video-preview":"max-video-preview:-1"},"canonical":"https:\/\/www.manuskripte.at\/wordpress\/presse\/","og_locale":"de_DE","og_type":"article","og_title":"Presse - manuskripte","og_description":"Hier finden Sie Pressestimmen zur 1960 in Graz gegr\u00fcndeten, deutschsprachigen Grazer Literaturzeitschrift manuskripte.","og_url":"https:\/\/www.manuskripte.at\/wordpress\/presse\/","og_site_name":"manuskripte","article_publisher":"https:\/\/www.facebook.com\/people\/manuskripte\/100046907710313\/","article_modified_time":"2024-01-25T08:04:09+00:00","twitter_card":"summary_large_image","twitter_site":"@manuskripte1","twitter_misc":{"Gesch\u00e4tzte Lesezeit":"5\u00a0Minuten"},"schema":{"@context":"https:\/\/schema.org","@graph":[{"@type":"WebPage","@id":"https:\/\/www.manuskripte.at\/wordpress\/presse\/","url":"https:\/\/www.manuskripte.at\/wordpress\/presse\/","name":"Presse - manuskripte","isPartOf":{"@id":"https:\/\/www.manuskripte.at\/wordpress\/#website"},"datePublished":"2023-06-26T09:44:58+00:00","dateModified":"2024-01-25T08:04:09+00:00","description":"Hier finden Sie Pressestimmen zur 1960 in Graz gegr\u00fcndeten, deutschsprachigen Grazer Literaturzeitschrift manuskripte.","breadcrumb":{"@id":"https:\/\/www.manuskripte.at\/wordpress\/presse\/#breadcrumb"},"inLanguage":"de","potentialAction":[{"@type":"ReadAction","target":["https:\/\/www.manuskripte.at\/wordpress\/presse\/"]}]},{"@type":"BreadcrumbList","@id":"https:\/\/www.manuskripte.at\/wordpress\/presse\/#breadcrumb","itemListElement":[{"@type":"ListItem","position":1,"name":"Home","item":"https:\/\/www.manuskripte.at\/wordpress\/"},{"@type":"ListItem","position":2,"name":"Presse"}]},{"@type":"WebSite","@id":"https:\/\/www.manuskripte.at\/wordpress\/#website","url":"https:\/\/www.manuskripte.at\/wordpress\/","name":"manuskripte","description":"Zeitschrift f\u00fcr Literatur","publisher":{"@id":"https:\/\/www.manuskripte.at\/wordpress\/#organization"},"potentialAction":[{"@type":"SearchAction","target":{"@type":"EntryPoint","urlTemplate":"https:\/\/www.manuskripte.at\/wordpress\/?s={search_term_string}"},"query-input":{"@type":"PropertyValueSpecification","valueRequired":true,"valueName":"search_term_string"}}],"inLanguage":"de"},{"@type":"Organization","@id":"https:\/\/www.manuskripte.at\/wordpress\/#organization","name":"manuskripte Literaturverein","url":"https:\/\/www.manuskripte.at\/wordpress\/","logo":{"@type":"ImageObject","inLanguage":"de","@id":"https:\/\/www.manuskripte.at\/wordpress\/#\/schema\/logo\/image\/","url":"https:\/\/www.manuskripte.at\/wordpress\/wp-content\/uploads\/2024\/02\/logo_manuskripte_w.jpg","contentUrl":"https:\/\/www.manuskripte.at\/wordpress\/wp-content\/uploads\/2024\/02\/logo_manuskripte_w.jpg","width":700,"height":206,"caption":"manuskripte Literaturverein"},"image":{"@id":"https:\/\/www.manuskripte.at\/wordpress\/#\/schema\/logo\/image\/"},"sameAs":["https:\/\/www.facebook.com\/people\/manuskripte\/100046907710313\/","https:\/\/x.com\/manuskripte1","https:\/\/www.youtube.com\/channel\/UC4zmKGvH1mB_TglFxGjiCpA","https:\/\/www.instagram.com\/manuskripte\/"]}]}},"_links":{"self":[{"href":"https:\/\/www.manuskripte.at\/wordpress\/wp-json\/wp\/v2\/pages\/4469","targetHints":{"allow":["GET"]}}],"collection":[{"href":"https:\/\/www.manuskripte.at\/wordpress\/wp-json\/wp\/v2\/pages"}],"about":[{"href":"https:\/\/www.manuskripte.at\/wordpress\/wp-json\/wp\/v2\/types\/page"}],"author":[{"embeddable":true,"href":"https:\/\/www.manuskripte.at\/wordpress\/wp-json\/wp\/v2\/users\/1"}],"replies":[{"embeddable":true,"href":"https:\/\/www.manuskripte.at\/wordpress\/wp-json\/wp\/v2\/comments?post=4469"}],"version-history":[{"count":2,"href":"https:\/\/www.manuskripte.at\/wordpress\/wp-json\/wp\/v2\/pages\/4469\/revisions"}],"predecessor-version":[{"id":4766,"href":"https:\/\/www.manuskripte.at\/wordpress\/wp-json\/wp\/v2\/pages\/4469\/revisions\/4766"}],"wp:attachment":[{"href":"https:\/\/www.manuskripte.at\/wordpress\/wp-json\/wp\/v2\/media?parent=4469"}],"curies":[{"name":"wp","href":"https:\/\/api.w.org\/{rel}","templated":true}]}}