{"id":4325,"date":"2023-04-17T08:47:36","date_gmt":"2023-04-17T06:47:36","guid":{"rendered":"http:\/\/manuskripte.neu\/?post_type=tribe_events&#038;p=4325"},"modified":"2023-04-17T09:14:06","modified_gmt":"2023-04-17T07:14:06","slug":"die-hoehlenkoerper-ein-poetisches-konzert","status":"publish","type":"tribe_events","link":"https:\/\/www.manuskripte.at\/wordpress\/event\/die-hoehlenkoerper-ein-poetisches-konzert\/","title":{"rendered":"die h\u00f6hlenk\u00f6rper. Ein poetisches Konzert"},"content":{"rendered":"<p><b>28.04.2023, 19:00, Kultum<\/b><b>, Graz<\/b><\/p>\n<p>die h\u00f6hlenk\u00f6rper. Ein poetisches Konzert: Mit Laure Gauthier (Text) und Olivier Mellano (Musik).<br \/>\nEine Kooperation von Kultum, Kulturvermittlung Steiermark und <em>manuskripte<\/em>.<\/p>\n<p><a title=\"die h\u00f6hlenk\u00f6rper\" href=\"https:\/\/www.kultum.at\/einrichtung\/137\/kalender\/calendar\/1917103.html\" target=\"_blank\" rel=\"noopener\">https:\/\/www.kultum.at\/einrichtung\/137\/kalender\/calendar\/1917103.html<\/a><\/p>\n","protected":false},"excerpt":{"rendered":"<p>28.04.2023, 19:00, Kultum, Graz die h\u00f6hlenk\u00f6rper. Ein poetisches Konzert: Mit  [&#8230;]<\/p>\n","protected":false},"author":1,"featured_media":22,"template":"","meta":{"_tribe_events_status":"","_tribe_events_status_reason":"","footnotes":""},"tags":[],"tribe_events_cat":[32],"class_list":["post-4325","tribe_events","type-tribe_events","status-publish","has-post-thumbnail","hentry","tribe_events_cat-lesung","cat_lesung"],"yoast_head":"<!-- This site is optimized with the Yoast SEO plugin v27.3 - https:\/\/yoast.com\/product\/yoast-seo-wordpress\/ -->\n<title>die h\u00f6hlenk\u00f6rper. Ein poetisches Konzert - manuskripte<\/title>\n<meta name=\"robots\" content=\"index, follow, max-snippet:-1, max-image-preview:large, max-video-preview:-1\" \/>\n<link rel=\"canonical\" href=\"https:\/\/www.manuskripte.at\/wordpress\/event\/die-hoehlenkoerper-ein-poetisches-konzert\/\" \/>\n<meta property=\"og:locale\" content=\"de_DE\" \/>\n<meta property=\"og:type\" content=\"article\" \/>\n<meta property=\"og:title\" content=\"die h\u00f6hlenk\u00f6rper. Ein poetisches Konzert - manuskripte\" \/>\n<meta property=\"og:description\" content=\"28.04.2023, 19:00, Kultum, Graz die h\u00f6hlenk\u00f6rper. Ein poetisches Konzert: Mit [...]\" \/>\n<meta property=\"og:url\" content=\"https:\/\/www.manuskripte.at\/wordpress\/event\/die-hoehlenkoerper-ein-poetisches-konzert\/\" \/>\n<meta property=\"og:site_name\" content=\"manuskripte\" \/>\n<meta property=\"article:publisher\" content=\"https:\/\/www.facebook.com\/people\/manuskripte\/100046907710313\/\" \/>\n<meta property=\"article:modified_time\" content=\"2023-04-17T07:14:06+00:00\" \/>\n<meta property=\"og:image\" content=\"https:\/\/www.manuskripte.at\/wordpress\/wp-content\/uploads\/2021\/10\/Logo_manuskripte_key_500.png\" \/>\n\t<meta property=\"og:image:width\" content=\"500\" \/>\n\t<meta property=\"og:image:height\" content=\"206\" \/>\n\t<meta property=\"og:image:type\" content=\"image\/png\" \/>\n<meta name=\"twitter:card\" content=\"summary_large_image\" \/>\n<meta name=\"twitter:site\" content=\"@manuskripte1\" \/>\n<meta name=\"twitter:label1\" content=\"Gesch\u00e4tzte Lesezeit\" \/>\n\t<meta name=\"twitter:data1\" content=\"1\u00a0Minute\" \/>\n<script type=\"application\/ld+json\" class=\"yoast-schema-graph\">{\"@context\":\"https:\\\/\\\/schema.org\",\"@graph\":[{\"@type\":\"WebPage\",\"@id\":\"https:\\\/\\\/www.manuskripte.at\\\/wordpress\\\/event\\\/die-hoehlenkoerper-ein-poetisches-konzert\\\/\",\"url\":\"https:\\\/\\\/www.manuskripte.at\\\/wordpress\\\/event\\\/die-hoehlenkoerper-ein-poetisches-konzert\\\/\",\"name\":\"die h\u00f6hlenk\u00f6rper. Ein poetisches Konzert - manuskripte\",\"isPartOf\":{\"@id\":\"https:\\\/\\\/www.manuskripte.at\\\/wordpress\\\/#website\"},\"primaryImageOfPage\":{\"@id\":\"https:\\\/\\\/www.manuskripte.at\\\/wordpress\\\/event\\\/die-hoehlenkoerper-ein-poetisches-konzert\\\/#primaryimage\"},\"image\":{\"@id\":\"https:\\\/\\\/www.manuskripte.at\\\/wordpress\\\/event\\\/die-hoehlenkoerper-ein-poetisches-konzert\\\/#primaryimage\"},\"thumbnailUrl\":\"https:\\\/\\\/www.manuskripte.at\\\/wordpress\\\/wp-content\\\/uploads\\\/2021\\\/10\\\/Logo_manuskripte_key_500.png\",\"datePublished\":\"2023-04-17T06:47:36+00:00\",\"dateModified\":\"2023-04-17T07:14:06+00:00\",\"breadcrumb\":{\"@id\":\"https:\\\/\\\/www.manuskripte.at\\\/wordpress\\\/event\\\/die-hoehlenkoerper-ein-poetisches-konzert\\\/#breadcrumb\"},\"inLanguage\":\"de\",\"potentialAction\":[{\"@type\":\"ReadAction\",\"target\":[\"https:\\\/\\\/www.manuskripte.at\\\/wordpress\\\/event\\\/die-hoehlenkoerper-ein-poetisches-konzert\\\/\"]}]},{\"@type\":\"ImageObject\",\"inLanguage\":\"de\",\"@id\":\"https:\\\/\\\/www.manuskripte.at\\\/wordpress\\\/event\\\/die-hoehlenkoerper-ein-poetisches-konzert\\\/#primaryimage\",\"url\":\"https:\\\/\\\/www.manuskripte.at\\\/wordpress\\\/wp-content\\\/uploads\\\/2021\\\/10\\\/Logo_manuskripte_key_500.png\",\"contentUrl\":\"https:\\\/\\\/www.manuskripte.at\\\/wordpress\\\/wp-content\\\/uploads\\\/2021\\\/10\\\/Logo_manuskripte_key_500.png\",\"width\":500,\"height\":206},{\"@type\":\"BreadcrumbList\",\"@id\":\"https:\\\/\\\/www.manuskripte.at\\\/wordpress\\\/event\\\/die-hoehlenkoerper-ein-poetisches-konzert\\\/#breadcrumb\",\"itemListElement\":[{\"@type\":\"ListItem\",\"position\":1,\"name\":\"Home\",\"item\":\"https:\\\/\\\/www.manuskripte.at\\\/wordpress\\\/\"},{\"@type\":\"ListItem\",\"position\":2,\"name\":\"Veranstaltungen\",\"item\":\"https:\\\/\\\/www.manuskripte.at\\\/wordpress\\\/events\\\/\"},{\"@type\":\"ListItem\",\"position\":3,\"name\":\"die h\u00f6hlenk\u00f6rper. Ein poetisches Konzert\"}]},{\"@type\":\"WebSite\",\"@id\":\"https:\\\/\\\/www.manuskripte.at\\\/wordpress\\\/#website\",\"url\":\"https:\\\/\\\/www.manuskripte.at\\\/wordpress\\\/\",\"name\":\"manuskripte\",\"description\":\"Zeitschrift f\u00fcr Literatur\",\"publisher\":{\"@id\":\"https:\\\/\\\/www.manuskripte.at\\\/wordpress\\\/#organization\"},\"potentialAction\":[{\"@type\":\"SearchAction\",\"target\":{\"@type\":\"EntryPoint\",\"urlTemplate\":\"https:\\\/\\\/www.manuskripte.at\\\/wordpress\\\/?s={search_term_string}\"},\"query-input\":{\"@type\":\"PropertyValueSpecification\",\"valueRequired\":true,\"valueName\":\"search_term_string\"}}],\"inLanguage\":\"de\"},{\"@type\":\"Organization\",\"@id\":\"https:\\\/\\\/www.manuskripte.at\\\/wordpress\\\/#organization\",\"name\":\"manuskripte Literaturverein\",\"url\":\"https:\\\/\\\/www.manuskripte.at\\\/wordpress\\\/\",\"logo\":{\"@type\":\"ImageObject\",\"inLanguage\":\"de\",\"@id\":\"https:\\\/\\\/www.manuskripte.at\\\/wordpress\\\/#\\\/schema\\\/logo\\\/image\\\/\",\"url\":\"https:\\\/\\\/www.manuskripte.at\\\/wordpress\\\/wp-content\\\/uploads\\\/2024\\\/02\\\/logo_manuskripte_w.jpg\",\"contentUrl\":\"https:\\\/\\\/www.manuskripte.at\\\/wordpress\\\/wp-content\\\/uploads\\\/2024\\\/02\\\/logo_manuskripte_w.jpg\",\"width\":700,\"height\":206,\"caption\":\"manuskripte Literaturverein\"},\"image\":{\"@id\":\"https:\\\/\\\/www.manuskripte.at\\\/wordpress\\\/#\\\/schema\\\/logo\\\/image\\\/\"},\"sameAs\":[\"https:\\\/\\\/www.facebook.com\\\/people\\\/manuskripte\\\/100046907710313\\\/\",\"https:\\\/\\\/x.com\\\/manuskripte1\",\"https:\\\/\\\/www.youtube.com\\\/channel\\\/UC4zmKGvH1mB_TglFxGjiCpA\",\"https:\\\/\\\/www.instagram.com\\\/manuskripte\\\/\"]}]}<\/script>\n<!-- \/ Yoast SEO plugin. -->","yoast_head_json":{"title":"die h\u00f6hlenk\u00f6rper. Ein poetisches Konzert - manuskripte","robots":{"index":"index","follow":"follow","max-snippet":"max-snippet:-1","max-image-preview":"max-image-preview:large","max-video-preview":"max-video-preview:-1"},"canonical":"https:\/\/www.manuskripte.at\/wordpress\/event\/die-hoehlenkoerper-ein-poetisches-konzert\/","og_locale":"de_DE","og_type":"article","og_title":"die h\u00f6hlenk\u00f6rper. Ein poetisches Konzert - manuskripte","og_description":"28.04.2023, 19:00, Kultum, Graz die h\u00f6hlenk\u00f6rper. Ein poetisches Konzert: Mit [...]","og_url":"https:\/\/www.manuskripte.at\/wordpress\/event\/die-hoehlenkoerper-ein-poetisches-konzert\/","og_site_name":"manuskripte","article_publisher":"https:\/\/www.facebook.com\/people\/manuskripte\/100046907710313\/","article_modified_time":"2023-04-17T07:14:06+00:00","og_image":[{"width":500,"height":206,"url":"https:\/\/www.manuskripte.at\/wordpress\/wp-content\/uploads\/2021\/10\/Logo_manuskripte_key_500.png","type":"image\/png"}],"twitter_card":"summary_large_image","twitter_site":"@manuskripte1","twitter_misc":{"Gesch\u00e4tzte Lesezeit":"1\u00a0Minute"},"schema":{"@context":"https:\/\/schema.org","@graph":[{"@type":"WebPage","@id":"https:\/\/www.manuskripte.at\/wordpress\/event\/die-hoehlenkoerper-ein-poetisches-konzert\/","url":"https:\/\/www.manuskripte.at\/wordpress\/event\/die-hoehlenkoerper-ein-poetisches-konzert\/","name":"die h\u00f6hlenk\u00f6rper. Ein poetisches Konzert - manuskripte","isPartOf":{"@id":"https:\/\/www.manuskripte.at\/wordpress\/#website"},"primaryImageOfPage":{"@id":"https:\/\/www.manuskripte.at\/wordpress\/event\/die-hoehlenkoerper-ein-poetisches-konzert\/#primaryimage"},"image":{"@id":"https:\/\/www.manuskripte.at\/wordpress\/event\/die-hoehlenkoerper-ein-poetisches-konzert\/#primaryimage"},"thumbnailUrl":"https:\/\/www.manuskripte.at\/wordpress\/wp-content\/uploads\/2021\/10\/Logo_manuskripte_key_500.png","datePublished":"2023-04-17T06:47:36+00:00","dateModified":"2023-04-17T07:14:06+00:00","breadcrumb":{"@id":"https:\/\/www.manuskripte.at\/wordpress\/event\/die-hoehlenkoerper-ein-poetisches-konzert\/#breadcrumb"},"inLanguage":"de","potentialAction":[{"@type":"ReadAction","target":["https:\/\/www.manuskripte.at\/wordpress\/event\/die-hoehlenkoerper-ein-poetisches-konzert\/"]}]},{"@type":"ImageObject","inLanguage":"de","@id":"https:\/\/www.manuskripte.at\/wordpress\/event\/die-hoehlenkoerper-ein-poetisches-konzert\/#primaryimage","url":"https:\/\/www.manuskripte.at\/wordpress\/wp-content\/uploads\/2021\/10\/Logo_manuskripte_key_500.png","contentUrl":"https:\/\/www.manuskripte.at\/wordpress\/wp-content\/uploads\/2021\/10\/Logo_manuskripte_key_500.png","width":500,"height":206},{"@type":"BreadcrumbList","@id":"https:\/\/www.manuskripte.at\/wordpress\/event\/die-hoehlenkoerper-ein-poetisches-konzert\/#breadcrumb","itemListElement":[{"@type":"ListItem","position":1,"name":"Home","item":"https:\/\/www.manuskripte.at\/wordpress\/"},{"@type":"ListItem","position":2,"name":"Veranstaltungen","item":"https:\/\/www.manuskripte.at\/wordpress\/events\/"},{"@type":"ListItem","position":3,"name":"die h\u00f6hlenk\u00f6rper. Ein poetisches Konzert"}]},{"@type":"WebSite","@id":"https:\/\/www.manuskripte.at\/wordpress\/#website","url":"https:\/\/www.manuskripte.at\/wordpress\/","name":"manuskripte","description":"Zeitschrift f\u00fcr Literatur","publisher":{"@id":"https:\/\/www.manuskripte.at\/wordpress\/#organization"},"potentialAction":[{"@type":"SearchAction","target":{"@type":"EntryPoint","urlTemplate":"https:\/\/www.manuskripte.at\/wordpress\/?s={search_term_string}"},"query-input":{"@type":"PropertyValueSpecification","valueRequired":true,"valueName":"search_term_string"}}],"inLanguage":"de"},{"@type":"Organization","@id":"https:\/\/www.manuskripte.at\/wordpress\/#organization","name":"manuskripte Literaturverein","url":"https:\/\/www.manuskripte.at\/wordpress\/","logo":{"@type":"ImageObject","inLanguage":"de","@id":"https:\/\/www.manuskripte.at\/wordpress\/#\/schema\/logo\/image\/","url":"https:\/\/www.manuskripte.at\/wordpress\/wp-content\/uploads\/2024\/02\/logo_manuskripte_w.jpg","contentUrl":"https:\/\/www.manuskripte.at\/wordpress\/wp-content\/uploads\/2024\/02\/logo_manuskripte_w.jpg","width":700,"height":206,"caption":"manuskripte Literaturverein"},"image":{"@id":"https:\/\/www.manuskripte.at\/wordpress\/#\/schema\/logo\/image\/"},"sameAs":["https:\/\/www.facebook.com\/people\/manuskripte\/100046907710313\/","https:\/\/x.com\/manuskripte1","https:\/\/www.youtube.com\/channel\/UC4zmKGvH1mB_TglFxGjiCpA","https:\/\/www.instagram.com\/manuskripte\/"]}]}},"_links":{"self":[{"href":"https:\/\/www.manuskripte.at\/wordpress\/wp-json\/wp\/v2\/tribe_events\/4325","targetHints":{"allow":["GET"]}}],"collection":[{"href":"https:\/\/www.manuskripte.at\/wordpress\/wp-json\/wp\/v2\/tribe_events"}],"about":[{"href":"https:\/\/www.manuskripte.at\/wordpress\/wp-json\/wp\/v2\/types\/tribe_events"}],"author":[{"embeddable":true,"href":"https:\/\/www.manuskripte.at\/wordpress\/wp-json\/wp\/v2\/users\/1"}],"version-history":[{"count":1,"href":"https:\/\/www.manuskripte.at\/wordpress\/wp-json\/wp\/v2\/tribe_events\/4325\/revisions"}],"predecessor-version":[{"id":4326,"href":"https:\/\/www.manuskripte.at\/wordpress\/wp-json\/wp\/v2\/tribe_events\/4325\/revisions\/4326"}],"wp:featuredmedia":[{"embeddable":true,"href":"https:\/\/www.manuskripte.at\/wordpress\/wp-json\/wp\/v2\/media\/22"}],"wp:attachment":[{"href":"https:\/\/www.manuskripte.at\/wordpress\/wp-json\/wp\/v2\/media?parent=4325"}],"wp:term":[{"taxonomy":"post_tag","embeddable":true,"href":"https:\/\/www.manuskripte.at\/wordpress\/wp-json\/wp\/v2\/tags?post=4325"},{"taxonomy":"tribe_events_cat","embeddable":true,"href":"https:\/\/www.manuskripte.at\/wordpress\/wp-json\/wp\/v2\/tribe_events_cat?post=4325"}],"curies":[{"name":"wp","href":"https:\/\/api.w.org\/{rel}","templated":true}]}}

die höhlenkörper. Ein poetisches Konzert

<p><b>28.04.2023, 19:00, Kultum</b><b>, Graz</b></p>
<p>die höhlenkörper. Ein poetisches Konzert: Mit Laure Gauthier (Text) und Olivier Mellano (Musik).<br />
Eine Kooperation von Kultum, Kulturvermittlung Steiermark und <em>manuskripte</em>.</p>
<p><a title="die höhlenkörper" href="https://www.kultum.at/einrichtung/137/kalender/calendar/1917103.html" target="_blank" rel="noopener">https://www.kultum.at/einrichtung/137/kalender/calendar/1917103.html</a></p>

<p>28.04.2023, 19:00, Kultum, Graz die höhlenkörper. Ein poetisches Konzert: Mit  [&#8230;]</p>

<!-- This site is optimized with the Yoast SEO plugin v27.3 - https://yoast.com/product/yoast-seo-wordpress/ -->
<title>die höhlenkörper. Ein poetisches Konzert - manuskripte</title>
<meta name="robots" content="index, follow, max-snippet:-1, max-image-preview:large, max-video-preview:-1" />
<link rel="canonical" href="https://www.manuskripte.at/wordpress/event/die-hoehlenkoerper-ein-poetisches-konzert/" />
<meta property="og:locale" content="de_DE" />
<meta property="og:type" content="article" />
<meta property="og:title" content="die höhlenkörper. Ein poetisches Konzert - manuskripte" />
<meta property="og:description" content="28.04.2023, 19:00, Kultum, Graz die höhlenkörper. Ein poetisches Konzert: Mit [...]" />
<meta property="og:url" content="https://www.manuskripte.at/wordpress/event/die-hoehlenkoerper-ein-poetisches-konzert/" />
<meta property="og:site_name" content="manuskripte" />
<meta property="article:publisher" content="https://www.facebook.com/people/manuskripte/100046907710313/" />
<meta property="article:modified_time" content="2023-04-17T07:14:06+00:00" />
<meta property="og:image" content="https://www.manuskripte.at/wordpress/wp-content/uploads/2021/10/Logo_manuskripte_key_500.png" />
	<meta property="og:image:width" content="500" />
	<meta property="og:image:height" content="206" />
	<meta property="og:image:type" content="image/png" />
<meta name="twitter:card" content="summary_large_image" />
<meta name="twitter:site" content="@manuskripte1" />
<meta name="twitter:label1" content="Geschätzte Lesezeit" />
	<meta name="twitter:data1" content="1 Minute" />
<script type="application/ld+json" class="yoast-schema-graph">{"@context":"https:\/\/schema.org","@graph":[{"@type":"WebPage","@id":"https:\/\/www.manuskripte.at\/wordpress\/event\/die-hoehlenkoerper-ein-poetisches-konzert\/","url":"https:\/\/www.manuskripte.at\/wordpress\/event\/die-hoehlenkoerper-ein-poetisches-konzert\/","name":"die höhlenkörper. Ein poetisches Konzert - manuskripte","isPartOf":{"@id":"https:\/\/www.manuskripte.at\/wordpress\/#website"},"primaryImageOfPage":{"@id":"https:\/\/www.manuskripte.at\/wordpress\/event\/die-hoehlenkoerper-ein-poetisches-konzert\/#primaryimage"},"image":{"@id":"https:\/\/www.manuskripte.at\/wordpress\/event\/die-hoehlenkoerper-ein-poetisches-konzert\/#primaryimage"},"thumbnailUrl":"https:\/\/www.manuskripte.at\/wordpress\/wp-content\/uploads\/2021\/10\/Logo_manuskripte_key_500.png","datePublished":"2023-04-17T06:47:36+00:00","dateModified":"2023-04-17T07:14:06+00:00","breadcrumb":{"@id":"https:\/\/www.manuskripte.at\/wordpress\/event\/die-hoehlenkoerper-ein-poetisches-konzert\/#breadcrumb"},"inLanguage":"de","potentialAction":[{"@type":"ReadAction","target":["https:\/\/www.manuskripte.at\/wordpress\/event\/die-hoehlenkoerper-ein-poetisches-konzert\/"]}]},{"@type":"ImageObject","inLanguage":"de","@id":"https:\/\/www.manuskripte.at\/wordpress\/event\/die-hoehlenkoerper-ein-poetisches-konzert\/#primaryimage","url":"https:\/\/www.manuskripte.at\/wordpress\/wp-content\/uploads\/2021\/10\/Logo_manuskripte_key_500.png","contentUrl":"https:\/\/www.manuskripte.at\/wordpress\/wp-content\/uploads\/2021\/10\/Logo_manuskripte_key_500.png","width":500,"height":206},{"@type":"BreadcrumbList","@id":"https:\/\/www.manuskripte.at\/wordpress\/event\/die-hoehlenkoerper-ein-poetisches-konzert\/#breadcrumb","itemListElement":[{"@type":"ListItem","position":1,"name":"Home","item":"https:\/\/www.manuskripte.at\/wordpress\/"},{"@type":"ListItem","position":2,"name":"Veranstaltungen","item":"https:\/\/www.manuskripte.at\/wordpress\/events\/"},{"@type":"ListItem","position":3,"name":"die höhlenkörper. Ein poetisches Konzert"}]},{"@type":"WebSite","@id":"https:\/\/www.manuskripte.at\/wordpress\/#website","url":"https:\/\/www.manuskripte.at\/wordpress\/","name":"manuskripte","description":"Zeitschrift für Literatur","publisher":{"@id":"https:\/\/www.manuskripte.at\/wordpress\/#organization"},"potentialAction":[{"@type":"SearchAction","target":{"@type":"EntryPoint","urlTemplate":"https:\/\/www.manuskripte.at\/wordpress\/?s={search_term_string}"},"query-input":{"@type":"PropertyValueSpecification","valueRequired":true,"valueName":"search_term_string"}}],"inLanguage":"de"},{"@type":"Organization","@id":"https:\/\/www.manuskripte.at\/wordpress\/#organization","name":"manuskripte Literaturverein","url":"https:\/\/www.manuskripte.at\/wordpress\/","logo":{"@type":"ImageObject","inLanguage":"de","@id":"https:\/\/www.manuskripte.at\/wordpress\/#\/schema\/logo\/image\/","url":"https:\/\/www.manuskripte.at\/wordpress\/wp-content\/uploads\/2024\/02\/logo_manuskripte_w.jpg","contentUrl":"https:\/\/www.manuskripte.at\/wordpress\/wp-content\/uploads\/2024\/02\/logo_manuskripte_w.jpg","width":700,"height":206,"caption":"manuskripte Literaturverein"},"image":{"@id":"https:\/\/www.manuskripte.at\/wordpress\/#\/schema\/logo\/image\/"},"sameAs":["https:\/\/www.facebook.com\/people\/manuskripte\/100046907710313\/","https:\/\/x.com\/manuskripte1","https:\/\/www.youtube.com\/channel\/UC4zmKGvH1mB_TglFxGjiCpA","https:\/\/www.instagram.com\/manuskripte\/"]}]}</script>
<!-- / Yoast SEO plugin. -->

die höhlenkörper. Ein poetisches Konzert - manuskripte

28.04.2023, 19:00, Kultum, Graz die höhlenkörper. Ein poetisches Konzert: Mit [...]

Zeitschrift für Literatur
